{"id":527,"date":"2019-07-25T16:13:51","date_gmt":"2019-07-25T16:13:51","guid":{"rendered":"http:\/\/www.eb23caiderei.pt\/site\/?page_id=527"},"modified":"2019-08-29T13:36:42","modified_gmt":"2019-08-29T13:36:42","slug":"departamentos","status":"publish","type":"page","link":"http:\/\/www.eb23caiderei.pt\/site\/?page_id=527","title":{"rendered":"Departamentos"},"content":{"rendered":"\n<p>Departamento Curricular \u00e9 uma estrutura de orienta\u00e7\u00e3o educativa, constitu\u00edda por professores de uma dada \u00e1rea\/express\u00e3o do curr\u00edculo, que colabora com o Conselho Pedag\u00f3gico e o \u00d3rg\u00e3o de Gest\u00e3o e Administra\u00e7\u00e3o da Escola, assegurando a articula\u00e7\u00e3o entre a orienta\u00e7\u00e3o educativa da institui\u00e7\u00e3o aprovada pelos \u00f3rg\u00e3os superiores e o percurso escolar dos alunos.<\/p>\n<div id=\"accordions-525\" class=\"accordions-525 accordions\" data-accordions={&quot;lazyLoad&quot;:true,&quot;id&quot;:&quot;525&quot;,&quot;event&quot;:&quot;click&quot;,&quot;collapsible&quot;:&quot;true&quot;,&quot;heightStyle&quot;:&quot;content&quot;,&quot;animateStyle&quot;:&quot;swing&quot;,&quot;animateDelay&quot;:1000,&quot;navigation&quot;:true,&quot;active&quot;:999,&quot;expandedOther&quot;:&quot;no&quot;}>\n                <div id=\"accordions-lazy-525\" class=\"accordions-lazy\" accordionsId=\"525\">\n                    <\/div>\n\n        <div class=\"items\"  style=\"display:none\" >\n        \n                <div post_id=\"525\" itemcount=\"0\"  header_id=\"header-1564071119847\" id=\"header-1564071119847\" style=\"\" class=\"accordions-head head1564071119847 border-semi-round\" toggle-text=\"\" main-text=\"MATEM\u00c1TICA E CI\u00caNCIAS EXPERIMENTAIS \">\n                                            <span id=\"accordion-icons-1564071119847\" class=\"accordion-icons\">\n                            <span class=\"accordion-icon-active accordion-plus\"><i class=\"fa fas fa-chevron-up\"><\/i><\/span>\n                            <span class=\"accordion-icon-inactive accordion-minus\"><i class=\"fa fas fa-chevron-down\"><\/i><\/span>\n                        <\/span>\n                        <span id=\"header-text-1564071119847\" class=\"accordions-head-title\">MATEM\u00c1TICA E CI\u00caNCIAS EXPERIMENTAIS <\/span>\n                                    <\/div>\n                <div class=\"accordion-content content1564071119847 \">\n                    <p>Coordenadora: Em\u00edlia Sousa<\/p>\n<p>Grupos:<br \/>\n230 \u2013 Matem\u00e1tica e Ci\u00eancias da Natureza<br \/>\n500 \u2013 Matem\u00e1tica<br \/>\n510 \u2013 F\u00edsica e Qu\u00edmica<br \/>\n520 \u2013 Biologia e Geologia<br \/>\n550 \u2013 Inform\u00e1tica<\/p>\n                <\/div>\n        \n                <div post_id=\"525\" itemcount=\"1\"  header_id=\"header-1564071336362\" id=\"header-1564071336362\" style=\"\" class=\"accordions-head head1564071336362 border-semi-round\" toggle-text=\"\" main-text=\"EXPRESS\u00d5ES\">\n                                            <span id=\"accordion-icons-1564071336362\" class=\"accordion-icons\">\n                            <span class=\"accordion-icon-active accordion-plus\"><i class=\"fa fas fa-chevron-up\"><\/i><\/span>\n                            <span class=\"accordion-icon-inactive accordion-minus\"><i class=\"fa fas fa-chevron-down\"><\/i><\/span>\n                        <\/span>\n                        <span id=\"header-text-1564071336362\" class=\"accordions-head-title\">EXPRESS\u00d5ES<\/span>\n                                    <\/div>\n                <div class=\"accordion-content content1564071336362 \">\n                    <p>Coordenador: Isabel Sequeira<\/p>\n<p>Grupos:<br \/>\n240 \u2013 Educa\u00e7\u00e3o Visual e Tecnol\u00f3gica<br \/>\n250 \u2013 Educa\u00e7\u00e3o Musical<br \/>\n260 \u2013 Educa\u00e7\u00e3o F\u00edsica<br \/>\n530 \u2013 Educa\u00e7\u00e3o Tecnol\u00f3gica<br \/>\n600 \u2013 Artes Visuais<br \/>\n620 \u2013 Educa\u00e7\u00e3o F\u00edsica<\/p>\n                <\/div>\n        \n                <div post_id=\"525\" itemcount=\"2\"  header_id=\"header-1567086044585\" id=\"header-1567086044585\" style=\"\" class=\"accordions-head head1567086044585 border-semi-round\" toggle-text=\"\" main-text=\"EDUCA\u00c7\u00c3O ESPECIAL\">\n                                            <span id=\"accordion-icons-1567086044585\" class=\"accordion-icons\">\n                            <span class=\"accordion-icon-active accordion-plus\"><i class=\"fa fas fa-chevron-up\"><\/i><\/span>\n                            <span class=\"accordion-icon-inactive accordion-minus\"><i class=\"fa fas fa-chevron-down\"><\/i><\/span>\n                        <\/span>\n                        <span id=\"header-text-1567086044585\" class=\"accordions-head-title\">EDUCA\u00c7\u00c3O ESPECIAL<\/span>\n                                    <\/div>\n                <div class=\"accordion-content content1567086044585 \">\n                    <p>Coordenador: Maria Armanda Leal<\/p>\n<p>910 \u2013 Educa\u00e7\u00e3o Especial<\/p>\n                <\/div>\n        \n                <div post_id=\"525\" itemcount=\"3\"  header_id=\"header-1564071014123\" id=\"header-1564071014123\" style=\"\" class=\"accordions-head head1564071014123 border-semi-round\" toggle-text=\"\" main-text=\"L\u00cdNGUAS\">\n                                            <span id=\"accordion-icons-1564071014123\" class=\"accordion-icons\">\n                            <span class=\"accordion-icon-active accordion-plus\"><i class=\"fa fas fa-chevron-up\"><\/i><\/span>\n                            <span class=\"accordion-icon-inactive accordion-minus\"><i class=\"fa fas fa-chevron-down\"><\/i><\/span>\n                        <\/span>\n                        <span id=\"header-text-1564071014123\" class=\"accordions-head-title\">L\u00cdNGUAS<\/span>\n                                    <\/div>\n                <div class=\"accordion-content content1564071014123 \">\n                    <p>Coordenadora: \u00c2ngela Ribeiro<\/p>\n<p>Grupos:<\/p>\n<p>120 \u2013 Ingl\u00eas 1\u00ba Ciclo<br \/>\n220 \u2013 Portugu\u00eas e Ingl\u00eas<br \/>\n300 \u2013 Portugu\u00eas<br \/>\n320 \u2013 Franc\u00eas<br \/>\n330 \u2013 Ingl\u00eas<\/p>\n                <\/div>\n        \n                <div post_id=\"525\" itemcount=\"4\"  header_id=\"header-1564071299198\" id=\"header-1564071299198\" style=\"\" class=\"accordions-head head1564071299198 border-semi-round\" toggle-text=\"\" main-text=\"CI\u00caNCIAS SOCIAIS E HUMANAS \">\n                                            <span id=\"accordion-icons-1564071299198\" class=\"accordion-icons\">\n                            <span class=\"accordion-icon-active accordion-plus\"><i class=\"fa fas fa-chevron-up\"><\/i><\/span>\n                            <span class=\"accordion-icon-inactive accordion-minus\"><i class=\"fa fas fa-chevron-down\"><\/i><\/span>\n                        <\/span>\n                        <span id=\"header-text-1564071299198\" class=\"accordions-head-title\">CI\u00caNCIAS SOCIAIS E HUMANAS <\/span>\n                                    <\/div>\n                <div class=\"accordion-content content1564071299198 \">\n                    <p>Coordenador: Helena Mercatudo<\/p>\n<p>Grupos:<br \/>\n200 \u2013 Portugu\u00eas e Estudos Sociais - Hist\u00f3ria<br \/>\n290 \u2013 E.M.R.C.<br \/>\n400 \u2013 Hist\u00f3ria<br \/>\n420 \u2013 Geografia<\/p>\n                <\/div>\n        \n                <div post_id=\"525\" itemcount=\"5\"  header_id=\"header-1567086094318\" id=\"header-1567086094318\" style=\"\" class=\"accordions-head head1567086094318 border-semi-round\" toggle-text=\"\" main-text=\"PR\u00c9-ESCOLAR\">\n                                            <span id=\"accordion-icons-1567086094318\" class=\"accordion-icons\">\n                            <span class=\"accordion-icon-active accordion-plus\"><i class=\"fa fas fa-chevron-up\"><\/i><\/span>\n                            <span class=\"accordion-icon-inactive accordion-minus\"><i class=\"fa fas fa-chevron-down\"><\/i><\/span>\n                        <\/span>\n                        <span id=\"header-text-1567086094318\" class=\"accordions-head-title\">PR\u00c9-ESCOLAR<\/span>\n                                    <\/div>\n                <div class=\"accordion-content content1567086094318 \">\n                    <p>Coordenador: Elisa Rato<\/p>\n<p>100 \u2013 Educa\u00e7\u00e3o Pr\u00e9-escolar<\/p>\n                <\/div>\n        \n                <div post_id=\"525\" itemcount=\"6\"  header_id=\"header-1567086095968\" id=\"header-1567086095968\" style=\"\" class=\"accordions-head head1567086095968 border-semi-round\" toggle-text=\"\" main-text=\"1\u00ba CICLO\">\n                                            <span id=\"accordion-icons-1567086095968\" class=\"accordion-icons\">\n                            <span class=\"accordion-icon-active accordion-plus\"><i class=\"fa fas fa-chevron-up\"><\/i><\/span>\n                            <span class=\"accordion-icon-inactive accordion-minus\"><i class=\"fa fas fa-chevron-down\"><\/i><\/span>\n                        <\/span>\n                        <span id=\"header-text-1567086095968\" class=\"accordions-head-title\">1\u00ba CICLO<\/span>\n                                    <\/div>\n                <div class=\"accordion-content content1567086095968 \">\n                    <p>Coordenador: Ros\u00e1lia Soares<\/p>\n<p>110 - 1\u00ba Ciclo<\/p>\n                <\/div>\n            <\/div>\n\n\n    \n                <\/div>\n","protected":false},"excerpt":{"rendered":"<p>Departamento Curricular \u00e9 uma estrutura de orienta\u00e7\u00e3o educativa, constitu\u00edda por professores de uma dada \u00e1rea\/express\u00e3o do curr\u00edculo, que colabora com o Conselho Pedag\u00f3gico e o \u00d3rg\u00e3o de Gest\u00e3o e Administra\u00e7\u00e3o da Escola, assegurando a articula\u00e7\u00e3o entre a orienta\u00e7\u00e3o educativa da institui\u00e7\u00e3o aprovada pelos \u00f3rg\u00e3os superiores e o percurso escolar dos alunos.<\/p>\n","protected":false},"author":1,"featured_media":0,"parent":0,"menu_order":0,"comment_status":"closed","ping_status":"closed","template":"","meta":{"_acf_changed":false,"footnotes":""},"acf":[],"jetpack_sharing_enabled":true,"_links":{"self":[{"href":"http:\/\/www.eb23caiderei.pt\/site\/index.php?rest_route=\/wp\/v2\/pages\/527"}],"collection":[{"href":"http:\/\/www.eb23caiderei.pt\/site\/index.php?rest_route=\/wp\/v2\/pages"}],"about":[{"href":"http:\/\/www.eb23caiderei.pt\/site\/index.php?rest_route=\/wp\/v2\/types\/page"}],"author":[{"embeddable":true,"href":"http:\/\/www.eb23caiderei.pt\/site\/index.php?rest_route=\/wp\/v2\/users\/1"}],"replies":[{"embeddable":true,"href":"http:\/\/www.eb23caiderei.pt\/site\/index.php?rest_route=%2Fwp%2Fv2%2Fcomments&post=527"}],"version-history":[{"count":1,"href":"http:\/\/www.eb23caiderei.pt\/site\/index.php?rest_route=\/wp\/v2\/pages\/527\/revisions"}],"predecessor-version":[{"id":528,"href":"http:\/\/www.eb23caiderei.pt\/site\/index.php?rest_route=\/wp\/v2\/pages\/527\/revisions\/528"}],"wp:attachment":[{"href":"http:\/\/www.eb23caiderei.pt\/site\/index.php?rest_route=%2Fwp%2Fv2%2Fmedia&parent=527"}],"curies":[{"name":"wp","href":"https:\/\/api.w.org\/{rel}","templated":true}]}}