{"id":470,"date":"2019-07-17T15:39:54","date_gmt":"2019-07-17T15:39:54","guid":{"rendered":"http:\/\/www.eb23caiderei.pt\/site\/?page_id=470"},"modified":"2022-03-07T11:17:00","modified_gmt":"2022-03-07T11:17:00","slug":"a-associacao-de-estudantes","status":"publish","type":"page","link":"http:\/\/www.eb23caiderei.pt\/site\/?page_id=470","title":{"rendered":"A Associa\u00e7\u00e3o de Estudantes"},"content":{"rendered":"\r\n<p style=\"text-align: justify;\">As associa\u00e7\u00f5es de estudantes \u00e9 uma estrutura representativa dos estudantes de um estabelecimento de ensino. Os seus membros podem ser eleitos por sufr\u00e1gio de todos os alunos da escola ou por outros m\u00e9todos de elei\u00e7\u00e3o. As Associa\u00e7\u00f5es de estudantes s\u00e3o, dependendo da legisla\u00e7\u00e3o do pa\u00eds ou dos estatutos do estabelecimento de ensino (que podem estabelecer direitos e obriga\u00e7\u00f5es adicionais), na maioria constitu\u00eddas por tr\u00eas \u00f3rg\u00e3os: Direc\u00e7\u00e3o, Assembleia Geral e Conselho Fiscal. A eles compete a elabora\u00e7\u00e3o do plano de exerc\u00edcios e tomada de decis\u00f5es, comunica\u00e7\u00e3o com todos os alunos da escola e fiscaliza\u00e7\u00e3o das contas, respectivamente.<\/p>\r\n<p style=\"text-align: justify;\">N\u00e3o depende de ser s\u00f3 uma pessoa, mais sim de uma uni\u00e3o e conjun\u00e7\u00e3o de variadas pessoas. Com essa motiva\u00e7\u00e3o poder\u00e1 ser criada uma associa\u00e7\u00e3o de estudantes que como consta s\u00f3 dever\u00e1 ir em frente com muito empenho e trabalho. Essa mesma associa\u00e7\u00e3o pode ter regras ou n\u00e3o, isso dever\u00e1 ser decidido com os respons\u00e1veis. Devem ser respons\u00e1veis e trabalhadores.<\/p>\r\n<p>&nbsp;<\/p>\r\n<p><img decoding=\"async\" class=\"alignnone wp-image-466\" src=\"http:\/\/www.eb23caiderei.pt\/site\/wp-content\/uploads\/2019\/07\/home-message.png\" alt=\"\" width=\"16\" height=\"16\" srcset=\"http:\/\/www.eb23caiderei.pt\/site\/wp-content\/uploads\/2019\/07\/home-message.png 512w, http:\/\/www.eb23caiderei.pt\/site\/wp-content\/uploads\/2019\/07\/home-message-150x150.png 150w, http:\/\/www.eb23caiderei.pt\/site\/wp-content\/uploads\/2019\/07\/home-message-300x300.png 300w, http:\/\/www.eb23caiderei.pt\/site\/wp-content\/uploads\/2019\/07\/home-message-250x250.png 250w, http:\/\/www.eb23caiderei.pt\/site\/wp-content\/uploads\/2019\/07\/home-message-125x125.png 125w, http:\/\/www.eb23caiderei.pt\/site\/wp-content\/uploads\/2019\/07\/home-message-64x64.png 64w, http:\/\/www.eb23caiderei.pt\/site\/wp-content\/uploads\/2019\/07\/home-message-110x110.png 110w, http:\/\/www.eb23caiderei.pt\/site\/wp-content\/uploads\/2019\/07\/home-message-420x420.png 420w, http:\/\/www.eb23caiderei.pt\/site\/wp-content\/uploads\/2019\/07\/home-message-430x430.png 430w\" sizes=\"(max-width: 16px) 100vw, 16px\" \/> <span style=\"text-decoration: underline;\">Atendimento da Associa\u00e7\u00e3o de Estudantes<\/span>:<\/p>\r\n<p><img decoding=\"async\" class=\"alignnone wp-image-234\" src=\"http:\/\/www.eb23caiderei.pt\/site\/wp-content\/uploads\/2019\/04\/relogio.png\" alt=\"\" width=\"60\" height=\"60\" srcset=\"http:\/\/www.eb23caiderei.pt\/site\/wp-content\/uploads\/2019\/04\/relogio.png 512w, http:\/\/www.eb23caiderei.pt\/site\/wp-content\/uploads\/2019\/04\/relogio-150x150.png 150w, http:\/\/www.eb23caiderei.pt\/site\/wp-content\/uploads\/2019\/04\/relogio-300x300.png 300w, http:\/\/www.eb23caiderei.pt\/site\/wp-content\/uploads\/2019\/04\/relogio-250x250.png 250w, http:\/\/www.eb23caiderei.pt\/site\/wp-content\/uploads\/2019\/04\/relogio-125x125.png 125w, http:\/\/www.eb23caiderei.pt\/site\/wp-content\/uploads\/2019\/04\/relogio-64x64.png 64w, http:\/\/www.eb23caiderei.pt\/site\/wp-content\/uploads\/2019\/04\/relogio-110x110.png 110w, http:\/\/www.eb23caiderei.pt\/site\/wp-content\/uploads\/2019\/04\/relogio-420x420.png 420w, http:\/\/www.eb23caiderei.pt\/site\/wp-content\/uploads\/2019\/04\/relogio-430x430.png 430w\" sizes=\"(max-width: 60px) 100vw, 60px\" \/> Pedido de marca\u00e7\u00e3o via e-mail<\/p>\r\n<p><img decoding=\"async\" class=\"alignnone wp-image-227\" src=\"http:\/\/www.eb23caiderei.pt\/site\/wp-content\/uploads\/2019\/04\/email.png\" alt=\"\" width=\"60\" height=\"60\" srcset=\"http:\/\/www.eb23caiderei.pt\/site\/wp-content\/uploads\/2019\/04\/email.png 512w, http:\/\/www.eb23caiderei.pt\/site\/wp-content\/uploads\/2019\/04\/email-150x150.png 150w, http:\/\/www.eb23caiderei.pt\/site\/wp-content\/uploads\/2019\/04\/email-300x300.png 300w, http:\/\/www.eb23caiderei.pt\/site\/wp-content\/uploads\/2019\/04\/email-250x250.png 250w, http:\/\/www.eb23caiderei.pt\/site\/wp-content\/uploads\/2019\/04\/email-125x125.png 125w, http:\/\/www.eb23caiderei.pt\/site\/wp-content\/uploads\/2019\/04\/email-64x64.png 64w, http:\/\/www.eb23caiderei.pt\/site\/wp-content\/uploads\/2019\/04\/email-110x110.png 110w, http:\/\/www.eb23caiderei.pt\/site\/wp-content\/uploads\/2019\/04\/email-420x420.png 420w, http:\/\/www.eb23caiderei.pt\/site\/wp-content\/uploads\/2019\/04\/email-430x430.png 430w\" sizes=\"(max-width: 60px) 100vw, 60px\" \/> ae@eb23caiderei.pt<\/p>\r\n<p><img loading=\"lazy\" decoding=\"async\" class=\"wp-image-3186 alignnone\" src=\"http:\/\/www.eb23caiderei.pt\/site\/wp-content\/uploads\/2022\/03\/insta_ass.png\" alt=\"\" width=\"58\" height=\"60\" srcset=\"http:\/\/www.eb23caiderei.pt\/site\/wp-content\/uploads\/2022\/03\/insta_ass.png 343w, http:\/\/www.eb23caiderei.pt\/site\/wp-content\/uploads\/2022\/03\/insta_ass-292x300.png 292w, http:\/\/www.eb23caiderei.pt\/site\/wp-content\/uploads\/2022\/03\/insta_ass-107x110.png 107w\" sizes=\"(max-width: 58px) 100vw, 58px\" \/> @lista_a.aele<\/p>\r\n<p><span style=\"text-decoration: underline;\"><img loading=\"lazy\" decoding=\"async\" class=\"alignnone wp-image-463 size-full\" src=\"http:\/\/www.eb23caiderei.pt\/site\/wp-content\/uploads\/2019\/07\/user_black_female.png\" alt=\"\" width=\"16\" height=\"16\" \/><\/span> <span style=\"text-decoration: underline;\">Elementos da Associa\u00e7\u00e3o de Estudantes<\/span>:<\/p>\r\n<blockquote>\r\n<p>Presidente: Sofia Ribeiro<br \/>Adriana Marques<br \/>Francisco Ferreira<br \/>Rita Moreira\u00a0<br \/>Lara Coelho<br \/>Soraia Neto<br \/>Nuno Dias<br \/>Adriana Silva<br \/>Fabiana Leal<br \/>Martim Moreira<br \/>Jos\u00e9 Peixoto<\/p>\r\n<\/blockquote>\r\n<p><img loading=\"lazy\" decoding=\"async\" class=\"alignnone wp-image-478\" src=\"http:\/\/www.eb23caiderei.pt\/site\/wp-content\/uploads\/2019\/07\/notebook.png\" alt=\"\" width=\"16\" height=\"16\" srcset=\"http:\/\/www.eb23caiderei.pt\/site\/wp-content\/uploads\/2019\/07\/notebook.png 512w, http:\/\/www.eb23caiderei.pt\/site\/wp-content\/uploads\/2019\/07\/notebook-150x150.png 150w, http:\/\/www.eb23caiderei.pt\/site\/wp-content\/uploads\/2019\/07\/notebook-300x300.png 300w, http:\/\/www.eb23caiderei.pt\/site\/wp-content\/uploads\/2019\/07\/notebook-250x250.png 250w, http:\/\/www.eb23caiderei.pt\/site\/wp-content\/uploads\/2019\/07\/notebook-125x125.png 125w, http:\/\/www.eb23caiderei.pt\/site\/wp-content\/uploads\/2019\/07\/notebook-64x64.png 64w, http:\/\/www.eb23caiderei.pt\/site\/wp-content\/uploads\/2019\/07\/notebook-110x110.png 110w, http:\/\/www.eb23caiderei.pt\/site\/wp-content\/uploads\/2019\/07\/notebook-420x420.png 420w, http:\/\/www.eb23caiderei.pt\/site\/wp-content\/uploads\/2019\/07\/notebook-430x430.png 430w\" sizes=\"(max-width: 16px) 100vw, 16px\" \/> <span style=\"text-decoration: underline;\">Legisla\u00e7\u00e3o<\/span>:<\/p>\r\n<p><iframe src=\"http:\/\/www.eb23caiderei.pt\/Docs\/Dec_Leis\/declei_associacaoestudantes.pdf\" width=\"100%\" height=\"680\"><\/iframe><\/p>\r\n","protected":false},"excerpt":{"rendered":"<p>As associa\u00e7\u00f5es de estudantes \u00e9 uma estrutura representativa dos estudantes de um estabelecimento de ensino. Os seus membros podem ser eleitos por sufr\u00e1gio de todos os alunos da escola ou por outros m\u00e9todos de elei\u00e7\u00e3o. As Associa\u00e7\u00f5es de estudantes s\u00e3o, dependendo da legisla\u00e7\u00e3o do pa\u00eds ou dos estatutos do estabelecimento de ensino (que podem estabelecer [&hellip;]<\/p>\n","protected":false},"author":1,"featured_media":0,"parent":0,"menu_order":0,"comment_status":"closed","ping_status":"closed","template":"","meta":{"_acf_changed":false,"footnotes":""},"acf":[],"jetpack_sharing_enabled":true,"_links":{"self":[{"href":"http:\/\/www.eb23caiderei.pt\/site\/index.php?rest_route=\/wp\/v2\/pages\/470"}],"collection":[{"href":"http:\/\/www.eb23caiderei.pt\/site\/index.php?rest_route=\/wp\/v2\/pages"}],"about":[{"href":"http:\/\/www.eb23caiderei.pt\/site\/index.php?rest_route=\/wp\/v2\/types\/page"}],"author":[{"embeddable":true,"href":"http:\/\/www.eb23caiderei.pt\/site\/index.php?rest_route=\/wp\/v2\/users\/1"}],"replies":[{"embeddable":true,"href":"http:\/\/www.eb23caiderei.pt\/site\/index.php?rest_route=%2Fwp%2Fv2%2Fcomments&post=470"}],"version-history":[{"count":11,"href":"http:\/\/www.eb23caiderei.pt\/site\/index.php?rest_route=\/wp\/v2\/pages\/470\/revisions"}],"predecessor-version":[{"id":3188,"href":"http:\/\/www.eb23caiderei.pt\/site\/index.php?rest_route=\/wp\/v2\/pages\/470\/revisions\/3188"}],"wp:attachment":[{"href":"http:\/\/www.eb23caiderei.pt\/site\/index.php?rest_route=%2Fwp%2Fv2%2Fmedia&parent=470"}],"curies":[{"name":"wp","href":"https:\/\/api.w.org\/{rel}","templated":true}]}}

A Associação de Estudantes

<p style="text-align: justify;">As associações de estudantes é uma estrutura representativa dos estudantes de um estabelecimento de ensino. Os seus membros podem ser eleitos por sufrágio de todos os alunos da escola ou por outros métodos de eleição. As Associações de estudantes são, dependendo da legislação do país ou dos estatutos do estabelecimento de ensino (que podem estabelecer direitos e obrigações adicionais), na maioria constituídas por três órgãos: Direcção, Assembleia Geral e Conselho Fiscal. A eles compete a elaboração do plano de exercícios e tomada de decisões, comunicação com todos os alunos da escola e fiscalização das contas, respectivamente.</p>
<p style="text-align: justify;">Não depende de ser só uma pessoa, mais sim de uma união e conjunção de variadas pessoas. Com essa motivação poderá ser criada uma associação de estudantes que como consta só deverá ir em frente com muito empenho e trabalho. Essa mesma associação pode ter regras ou não, isso deverá ser decidido com os responsáveis. Devem ser responsáveis e trabalhadores.</p>
<p>&nbsp;</p>
<p><img decoding="async" class="alignnone wp-image-466" src="http://www.eb23caiderei.pt/site/wp-content/uploads/2019/07/home-message.png" alt="" width="16" height="16" srcset="http://www.eb23caiderei.pt/site/wp-content/uploads/2019/07/home-message.png 512w, http://www.eb23caiderei.pt/site/wp-content/uploads/2019/07/home-message-150x150.png 150w, http://www.eb23caiderei.pt/site/wp-content/uploads/2019/07/home-message-300x300.png 300w, http://www.eb23caiderei.pt/site/wp-content/uploads/2019/07/home-message-250x250.png 250w, http://www.eb23caiderei.pt/site/wp-content/uploads/2019/07/home-message-125x125.png 125w, http://www.eb23caiderei.pt/site/wp-content/uploads/2019/07/home-message-64x64.png 64w, http://www.eb23caiderei.pt/site/wp-content/uploads/2019/07/home-message-110x110.png 110w, http://www.eb23caiderei.pt/site/wp-content/uploads/2019/07/home-message-420x420.png 420w, http://www.eb23caiderei.pt/site/wp-content/uploads/2019/07/home-message-430x430.png 430w" sizes="(max-width: 16px) 100vw, 16px" /> <span style="text-decoration: underline;">Atendimento da Associação de Estudantes</span>:</p>
<p><img decoding="async" class="alignnone wp-image-234" src="http://www.eb23caiderei.pt/site/wp-content/uploads/2019/04/relogio.png" alt="" width="60" height="60" srcset="http://www.eb23caiderei.pt/site/wp-content/uploads/2019/04/relogio.png 512w, http://www.eb23caiderei.pt/site/wp-content/uploads/2019/04/relogio-150x150.png 150w, http://www.eb23caiderei.pt/site/wp-content/uploads/2019/04/relogio-300x300.png 300w, http://www.eb23caiderei.pt/site/wp-content/uploads/2019/04/relogio-250x250.png 250w, http://www.eb23caiderei.pt/site/wp-content/uploads/2019/04/relogio-125x125.png 125w, http://www.eb23caiderei.pt/site/wp-content/uploads/2019/04/relogio-64x64.png 64w, http://www.eb23caiderei.pt/site/wp-content/uploads/2019/04/relogio-110x110.png 110w, http://www.eb23caiderei.pt/site/wp-content/uploads/2019/04/relogio-420x420.png 420w, http://www.eb23caiderei.pt/site/wp-content/uploads/2019/04/relogio-430x430.png 430w" sizes="(max-width: 60px) 100vw, 60px" /> Pedido de marcação via e-mail</p>
<p><img decoding="async" class="alignnone wp-image-227" src="http://www.eb23caiderei.pt/site/wp-content/uploads/2019/04/email.png" alt="" width="60" height="60" srcset="http://www.eb23caiderei.pt/site/wp-content/uploads/2019/04/email.png 512w, http://www.eb23caiderei.pt/site/wp-content/uploads/2019/04/email-150x150.png 150w, http://www.eb23caiderei.pt/site/wp-content/uploads/2019/04/email-300x300.png 300w, http://www.eb23caiderei.pt/site/wp-content/uploads/2019/04/email-250x250.png 250w, http://www.eb23caiderei.pt/site/wp-content/uploads/2019/04/email-125x125.png 125w, http://www.eb23caiderei.pt/site/wp-content/uploads/2019/04/email-64x64.png 64w, http://www.eb23caiderei.pt/site/wp-content/uploads/2019/04/email-110x110.png 110w, http://www.eb23caiderei.pt/site/wp-content/uploads/2019/04/email-420x420.png 420w, http://www.eb23caiderei.pt/site/wp-content/uploads/2019/04/email-430x430.png 430w" sizes="(max-width: 60px) 100vw, 60px" /> ae@eb23caiderei.pt</p>
<p><img loading="lazy" decoding="async" class="wp-image-3186 alignnone" src="http://www.eb23caiderei.pt/site/wp-content/uploads/2022/03/insta_ass.png" alt="" width="58" height="60" srcset="http://www.eb23caiderei.pt/site/wp-content/uploads/2022/03/insta_ass.png 343w, http://www.eb23caiderei.pt/site/wp-content/uploads/2022/03/insta_ass-292x300.png 292w, http://www.eb23caiderei.pt/site/wp-content/uploads/2022/03/insta_ass-107x110.png 107w" sizes="(max-width: 58px) 100vw, 58px" /> @lista_a.aele</p>
<p><span style="text-decoration: underline;"><img loading="lazy" decoding="async" class="alignnone wp-image-463 size-full" src="http://www.eb23caiderei.pt/site/wp-content/uploads/2019/07/user_black_female.png" alt="" width="16" height="16" /></span> <span style="text-decoration: underline;">Elementos da Associação de Estudantes</span>:</p>
<blockquote>
<p>Presidente: Sofia Ribeiro<br />Adriana Marques<br />Francisco Ferreira<br />Rita Moreira <br />Lara Coelho<br />Soraia Neto<br />Nuno Dias<br />Adriana Silva<br />Fabiana Leal<br />Martim Moreira<br />José Peixoto</p>
</blockquote>
<p><img loading="lazy" decoding="async" class="alignnone wp-image-478" src="http://www.eb23caiderei.pt/site/wp-content/uploads/2019/07/notebook.png" alt="" width="16" height="16" srcset="http://www.eb23caiderei.pt/site/wp-content/uploads/2019/07/notebook.png 512w, http://www.eb23caiderei.pt/site/wp-content/uploads/2019/07/notebook-150x150.png 150w, http://www.eb23caiderei.pt/site/wp-content/uploads/2019/07/notebook-300x300.png 300w, http://www.eb23caiderei.pt/site/wp-content/uploads/2019/07/notebook-250x250.png 250w, http://www.eb23caiderei.pt/site/wp-content/uploads/2019/07/notebook-125x125.png 125w, http://www.eb23caiderei.pt/site/wp-content/uploads/2019/07/notebook-64x64.png 64w, http://www.eb23caiderei.pt/site/wp-content/uploads/2019/07/notebook-110x110.png 110w, http://www.eb23caiderei.pt/site/wp-content/uploads/2019/07/notebook-420x420.png 420w, http://www.eb23caiderei.pt/site/wp-content/uploads/2019/07/notebook-430x430.png 430w" sizes="(max-width: 16px) 100vw, 16px" /> <span style="text-decoration: underline;">Legislação</span>:</p>
<p><iframe src="http://www.eb23caiderei.pt/Docs/Dec_Leis/declei_associacaoestudantes.pdf" width="100%" height="680"></iframe></p>

<p>As associações de estudantes é uma estrutura representativa dos estudantes de um estabelecimento de ensino. Os seus membros podem ser eleitos por sufrágio de todos os alunos da escola ou por outros métodos de eleição. As Associações de estudantes são, dependendo da legislação do país ou dos estatutos do estabelecimento de ensino (que podem estabelecer [&hellip;]</p>
