{"id":2682,"date":"2023-09-07T11:21:39","date_gmt":"2023-09-07T11:21:39","guid":{"rendered":"http:\/\/www.eb23caiderei.pt\/site\/?page_id=2682"},"modified":"2023-09-09T20:48:29","modified_gmt":"2023-09-09T20:48:29","slug":"consulta-previa-prestacao-de-servico-de-transporte","status":"publish","type":"page","link":"http:\/\/www.eb23caiderei.pt\/site\/?page_id=2682","title":{"rendered":"Consulta Pr\u00e9via- Presta\u00e7\u00e3o de servi\u00e7o de transporte"},"content":{"rendered":"<p><strong>Consulta Pr\u00e9via- Presta\u00e7\u00e3o de servi\u00e7o de transporte de alunos com necessidades educativas especiais.<\/strong><\/p>\n<p>Tendo em vista a contrata\u00e7\u00e3o, para ano letivo 2023\/2024, dos servi\u00e7os necess\u00e1rios a assegurar o transporte escolar dos alunos com necessidade educativas especiais, encontra-se nos servi\u00e7os administrativos o Convite e Caderno de Encargos, referente ao respectivo concurso.<\/p>\n<p>O prazo para entrega de proposta \u00e9 at\u00e9 as 14 horas do dia 14 de setembro.<\/p>\n","protected":false},"excerpt":{"rendered":"<p>Consulta Pr\u00e9via- Presta\u00e7\u00e3o de servi\u00e7o de transporte de alunos com necessidades educativas especiais. Tendo em vista a contrata\u00e7\u00e3o, para ano letivo 2023\/2024, dos servi\u00e7os necess\u00e1rios a assegurar o transporte escolar dos alunos com necessidade educativas especiais, encontra-se nos servi\u00e7os administrativos o Convite e Caderno de Encargos, referente ao respectivo concurso. O prazo para entrega de [&hellip;]<\/p>\n","protected":false},"author":1,"featured_media":0,"parent":553,"menu_order":0,"comment_status":"closed","ping_status":"closed","template":"","meta":{"_acf_changed":false,"footnotes":""},"acf":[],"jetpack_sharing_enabled":true,"_links":{"self":[{"href":"http:\/\/www.eb23caiderei.pt\/site\/index.php?rest_route=\/wp\/v2\/pages\/2682"}],"collection":[{"href":"http:\/\/www.eb23caiderei.pt\/site\/index.php?rest_route=\/wp\/v2\/pages"}],"about":[{"href":"http:\/\/www.eb23caiderei.pt\/site\/index.php?rest_route=\/wp\/v2\/types\/page"}],"author":[{"embeddable":true,"href":"http:\/\/www.eb23caiderei.pt\/site\/index.php?rest_route=\/wp\/v2\/users\/1"}],"replies":[{"embeddable":true,"href":"http:\/\/www.eb23caiderei.pt\/site\/index.php?rest_route=%2Fwp%2Fv2%2Fcomments&post=2682"}],"version-history":[{"count":4,"href":"http:\/\/www.eb23caiderei.pt\/site\/index.php?rest_route=\/wp\/v2\/pages\/2682\/revisions"}],"predecessor-version":[{"id":4653,"href":"http:\/\/www.eb23caiderei.pt\/site\/index.php?rest_route=\/wp\/v2\/pages\/2682\/revisions\/4653"}],"up":[{"embeddable":true,"href":"http:\/\/www.eb23caiderei.pt\/site\/index.php?rest_route=\/wp\/v2\/pages\/553"}],"wp:attachment":[{"href":"http:\/\/www.eb23caiderei.pt\/site\/index.php?rest_route=%2Fwp%2Fv2%2Fmedia&parent=2682"}],"curies":[{"name":"wp","href":"https:\/\/api.w.org\/{rel}","templated":true}]}}